{"id":10,"date":"2022-12-01T13:06:48","date_gmt":"2022-12-01T12:06:48","guid":{"rendered":"http:\/\/odtahovkamelich.sk\/?page_id=10"},"modified":"2024-06-05T14:57:42","modified_gmt":"2024-06-05T12:57:42","slug":"uvod","status":"publish","type":"page","link":"https:\/\/odtahovkamelich.sk\/","title":{"rendered":"Slu\u017eby"},"content":{"rendered":"<p><strong>Postretla V\u00e1s na cest\u00e1ch nepr\u00edjemn\u00e1 situ\u00e1cia v podobe poruchy motorov\u00e9ho vozidla alebo dopravnej nehody? <\/strong><\/p>\n<p><strong>H\u013ead\u00e1te r\u00fdchly a spo\u013eahliv\u00fd odvoz automobilu? Od\u0165ahov\u00e1 slu\u017eba MELICH je pripraven\u00e1 24 hod\u00edn denne, aby tieto situ\u00e1cie na cest\u00e1ch okresu Lu\u010denec vyrie\u0161ila za V\u00e1s. Obr\u00e1\u0165te sa na n\u00e1s telefonicky na \u010d\u00edsle 0908042416.<\/strong><\/p>\n<h2>Vypros\u0165ovanie havarovan\u00fdch vozidiel<\/h2>\n<p>K autonehode, kedy sa automobil ocitne mimo cesty, \u010dasto sta\u010d\u00ed len mal\u00e1 nepozornos\u0165 alebo nepredv\u00eddan\u00e1 skuto\u010dnos\u0165.<\/p>\n<p><strong>Od\u0165ahov\u00e1 slu\u017eba MELICH<\/strong>\u00a0zabezpe\u010duje\u00a0<strong>vypros\u0165ovanie vozidiel<\/strong> do 40 ton.<\/p>\n<p><strong>V\u00fdjazd k nehode<\/strong>\u00a0prebieha ihne\u010f po jej telefonickom nahl\u00e1sen\u00ed. \u00dazko spolupracujeme so z\u00e1chrann\u00fdmi zlo\u017ekami a s viacer\u00fdmi asisten\u010dn\u00fdmi slu\u017ebami nielen\u00a0<strong>v okrese Lu\u010denec<\/strong><\/p>\n<h2>Prevoz stavebn\u00fdch strojov a \u010fal\u0161ie slu\u017eby<\/h2>\n<p>Firemn\u00fdm z\u00e1kazn\u00edkom pon\u00fakame mo\u017enos\u0165 prepravy a prevozu \u0165a\u017ek\u00fdch strojov na ak\u00fako\u013evek vzdialenos\u0165. Sme schopn\u00ed zabezpe\u010di\u0165 prepravu po\u013enohospod\u00e1rskych strojov, stavebn\u00fdch strojov a zariaden\u00ed a in\u00fdch pracovn\u00fdch strojov a\u017e do 40 ton.<\/p>\n<table border=\"0\" width=\"100%\" cellspacing=\"0\" cellpadding=\"0\">\n<tbody>\n<tr>\n<td>\n<ul>\n<li><strong>od\u0165ahovanie vozidiel<\/strong><\/li>\n<li>vypros\u0165ovanie vozidiel<\/li>\n<li>asisten\u010dn\u00e9 slu\u017eby<\/li>\n<li>prevoz \u0165a\u017ek\u00fdch strojov<\/li>\n<li>prevoz automobilo<\/li>\n<\/ul>\n<\/td>\n<td>\n<ul>\n<li><\/li>\n<li>autodoprava<\/li>\n<\/ul>\n<\/td>\n<\/tr>\n<\/tbody>\n<\/table>\n<p>&nbsp;<\/p>\n","protected":false},"excerpt":{"rendered":"<p>Postretla V\u00e1s na cest\u00e1ch nepr\u00edjemn\u00e1 situ\u00e1cia v podobe poruchy motorov\u00e9ho vozidla alebo dopravnej nehody? H\u013ead\u00e1te r\u00fdchly a spo\u013eahliv\u00fd odvoz automobilu? Od\u0165ahov\u00e1 slu\u017eba MELICH je pripraven\u00e1 24 hod\u00edn denne, aby tieto situ\u00e1cie na cest\u00e1ch okresu Lu\u010denec vyrie\u0161ila za V\u00e1s. Obr\u00e1\u0165te sa na n\u00e1s telefonicky na \u010d\u00edsle 0908042416. Vypros\u0165ovanie havarovan\u00fdch vozidiel K autonehode, kedy sa automobil ocitne [&hellip;]<\/p>\n","protected":false},"author":1,"featured_media":12,"parent":0,"menu_order":0,"comment_status":"closed","ping_status":"closed","template":"","meta":{"two_page_speed":null,"footnotes":""},"class_list":["post-10","page","type-page","status-publish","has-post-thumbnail","hentry"],"_links":{"self":[{"href":"https:\/\/odtahovkamelich.sk\/index.php?rest_route=\/wp\/v2\/pages\/10","targetHints":{"allow":["GET"]}}],"collection":[{"href":"https:\/\/odtahovkamelich.sk\/index.php?rest_route=\/wp\/v2\/pages"}],"about":[{"href":"https:\/\/odtahovkamelich.sk\/index.php?rest_route=\/wp\/v2\/types\/page"}],"author":[{"embeddable":true,"href":"https:\/\/odtahovkamelich.sk\/index.php?rest_route=\/wp\/v2\/users\/1"}],"replies":[{"embeddable":true,"href":"https:\/\/odtahovkamelich.sk\/index.php?rest_route=%2Fwp%2Fv2%2Fcomments&post=10"}],"version-history":[{"count":7,"href":"https:\/\/odtahovkamelich.sk\/index.php?rest_route=\/wp\/v2\/pages\/10\/revisions"}],"predecessor-version":[{"id":76,"href":"https:\/\/odtahovkamelich.sk\/index.php?rest_route=\/wp\/v2\/pages\/10\/revisions\/76"}],"wp:featuredmedia":[{"embeddable":true,"href":"https:\/\/odtahovkamelich.sk\/index.php?rest_route=\/wp\/v2\/media\/12"}],"wp:attachment":[{"href":"https:\/\/odtahovkamelich.sk\/index.php?rest_route=%2Fwp%2Fv2%2Fmedia&parent=10"}],"curies":[{"name":"wp","href":"https:\/\/api.w.org\/{rel}","templated":true}]}}